*t + 3*w + 182 = -382, t - 5*w = 184. What is the highest common factor of t and 27?
27
Let o be (-722)/228*2*-6. Suppose -3*k + 10 = o*t - 37*t, -3*t - 5*k + 18 = 0. What is the highest common divisor of t and 9?
1
Suppose -211*x + 81328 = -194*x. Calculate the greatest common divisor of x and 32.
16
Let o be (-16)/120 - 65/75. Let t(b) = -64*b - 4. Let p be t(o). Calculate the greatest common factor of p and 75.
15
Let b be (1/(-3)*-1)/(14/840). Let a(h) = 10*h + 10. Let p be -3 + (-10)/(-5) + 6. Let g be a(p). Calculate the greatest common factor of g and b.
20
Let f(r) = -449*r + 7. Let b be f(-1). Suppose -b = 12*m - 3300. What is the highest common divisor of m and 79?
79
Let v = -19 - -22. Let s(a) = -36*a**2 + 4*a**3 + 23*a - v*a**3 - 24 + 14*a**2. Let o be s(21). What is the greatest common factor of o and 90?
18
Suppose -5*z - 139 = -b, 15*b = 12*b - 2*z + 298. Calculate the greatest common factor of b and 5447.
13
Suppose 119*o - 18252 = -50*o. Calculate the highest common divisor of o and 11736.
36
Let j(k) = 2*k**2 + 5*k + 13. Let y(d) = -4*d**2 - 9*d - 25. Let h(c) = 13*j(c) + 6*y(c). Let w be h(-6). Calculate the greatest common divisor of 5 and w.
5
Suppose b - 3*b - 2*r + 164 = 0, -b + 64 = -5*r. Suppose 2*f = b - 31. What is the highest common divisor of f and 96?
24
Suppose -5*y + 20 = 0, -4*q - q + 301 = 4*y. Suppose 852 = k + 5*m + 251, 5*m = -10. Let n = k - 573. Calculate the greatest common divisor of q and n.
19
Suppose 8*g - 12*g + 192 = 0. Let o be ((-3)/9)/(3/(-9))*17. Suppose 6*s + 66 = o*s. Calculate the greatest common factor of s and g.
6
Suppose 4*b - 704 = -4*n, 3*b - 526 = -4*n + 176. Calculate the highest common divisor of n and 57.
3
Let k be ((-1341)/(-63))/((-2)/(-14)). Suppose -5*u + k = -1. What is the greatest common factor of 10 and u?
10
Let l be 6 + 105/(-20) - (-10)/8. Suppose -2*g + l*a + 66 = 0, -3*a = -2*g - 2*a + 71. What is the greatest common divisor of 57 and g?
19
Let o = -428 + 1196. What is the greatest common divisor of 240 and o?
48
Let y(x) = -x**2 - 187*x - 4198. Let c be y(-30). Calculate the highest common divisor of c and 2112.
64
Let y be 5/40 - 269235/100*(-20)/8. What is the highest common factor of y and 127?
127
Let o(x) = -14*x - 25. Let q be o(-4). Suppose q*n = 27*n + 84. Let i = 189 - -42. Calculate the greatest common factor of n and i.
21
Let s(b) = b**2 - 11*b - 108. Let h be s(23). Calculate the highest common factor of h and 2856.
168
Suppose -4*a = d - 12, 2 = -0*d - d + 3*a. Suppose -38*s + 2239 + 7489 = 0. Suppose 8*q - s = d*q. Calculate the greatest common divisor of 16 and q.
16
Let k be 374/3 - 2/3. Let y = k - 82. Let a(n) = 85*n + 5375. Let c be a(-62). What is the highest common divisor of c and y?
21
Let z = 6700 - 6556. Calculate the greatest common divisor of 912 and z.
48
Suppose -4*n - 4*o - 4996 = n, 0 = -5*n - 3*o - 4997. Let c = -659 - n. Calculate the greatest common factor of 22 and c.
11
Suppose 142958 + 81286 = 39*l + 37044. Calculate the greatest common divisor of l and 75.
75
Suppose 2*k = 7*k - 15, 4*k - 177 = -3*c. Calculate the greatest common factor of 99 and c.
11
Suppose -2*b = 5*o - 5*b - 755, 0 = o - 5*b - 151. Calculate the greatest common factor of o and 9664.
151
Let b = 4395 - 4299. Calculate the greatest common divisor of b and 6.
6
Suppose -168 = -233*b + 229*b. What is the highest common factor of b and 24?
6
Let c be 56/(-6)*(-9 + -57). Let q = -440 + c. Suppose -q = r - 5*r. Calculate the greatest common divisor of r and 11.
11
Suppose 28*p - 2237 - 2551 = 0. What is the greatest common divisor of 45 and p?
9
Let h be ((-4704)/(-140))/(2/(-10)). Let i = -54 - h. What is the greatest common divisor of i and 6?
6
Let w(f) = f**3 + 3*f**2. Let l be w(-2). Suppose -l*z + 104 = -0*z. Suppose 0 = -149*x - 102*x + 52208. What is the highest common factor of z and x?
26
Let c(b) = b**2 - b + 112. Let r be (-2)/(-4)*(7 + (-3 - 4)). Let h be c(r). Calculate the greatest common factor of h and 64.
16
Let m be (-22386)/(-1176) - 8/224. What is the greatest common factor of m and 15523?
19
Let s = 588 - 375. Suppose 1902 = 3*o - s. Calculate the highest common divisor of o and 15.
15
Suppose 4*t - 60 = -z, -9*t + 10*t = 5*z + 36. What is the highest common factor of t and 1712?
16
Let t(a) = 3*a + 135. Let i be t(-25). Suppose 1 = -3*b - 2, -3*b = 4*x - 397. Calculate the highest common factor of i and x.
20
Suppose 0*t - t = -2*n - 1, -4*n - 5*t + 5 = 0. Let m = 3 - n. Suppose 3*y - 21 = -m*h + 72, -h - 137 = -5*y. Calculate the highest common divisor of y and 28.
28
Suppose 0 = -89*c + 151*c - 75*c + 3315. Calculate the highest common factor of c and 1479.
51
Let a(v) = 262*v + 1050. Let g be a(-4). Calculate the greatest common divisor of g and 19.
1
Let t(z) = -17*z**2 + 7*z - 11. Let j be t(5). Let w = j - -427. What is the highest common factor of w and 52?
26
Let o(y) = y**3 - 10*y**2 - 11*y + 6. Let f be o(11). Suppose 15*s - f*s - 378 = 0. Let q = s + -39. What is the highest common factor of q and 12?
3
Suppose -6*a - 165 = 9*a. Let z(m) = -m**2 - 4*m + 78. Let q be z(a). What is the greatest common factor of 3 and q?
1
Let j be 2048/(-16)*(36 - 39)/((-6)/(-4)). What is the greatest common divisor of 544 and j?
32
Let c = -67 + 92. Suppose o - c = 6*n - 8*n, -o - 4*n = -29. What is the highest common factor of 168 and o?
21
Let c be -3*1*(-11774)/1218. Let i = 1510 - 1017. What is the highest common divisor of i and c?
29
Suppose 1558 = -43*j - 33*j + 14402. Calculate the greatest common divisor of 1651 and j.
13
Suppose -128*t + 17465 + 2380 + 7931 = 0. Calculate the greatest common divisor of t and 11935.
217
Let y(a) = -a**2 - 3*a + 124. Let b be y(-12). Calculate the highest common factor of 68 and b.
4
Suppose 2 = 3*u - 5*u. Let r(p) = -34*p**3 + 2*p**2 - p - 2. Let z be r(u). Let d be (4/10)/(-1 + 72/70). Calculate the greatest common factor of z and d.
7
Let i be (-96)/20*-19 + (-3)/15. Let a = i - 86. Suppose -4*f - 5*d = -145, -2*f - 2*d + 48 = -26. Calculate the greatest common divisor of f and a.
5
Let g be 5/(75/20) + 422/3. Suppose 7*r = 285 + g. What is the highest common divisor of 671 and r?
61
Let s be 2/(2*(-1)/(-8)). Suppose -34 = 9*y - 466. Suppose -5*b - 4*v + 88 = 8, 4*v - y = -3*b. Calculate the greatest common factor of b and s.
8
Suppose -3*s + 12 = 0, -6*s + 4*s = -5*r - 558. Let q = r - -113. What is the greatest common divisor of 6 and q?
3
Let d(g) = -5348*g + 16. Let x be d(-1). Suppose x = -3*o + 6*o + 2*m, 0 = m. What is the greatest common factor of o and 12?
12
Suppose -5*y - 3400 = -3*w, 0 = 4*y + w + 1694 + 1026. Let i = y + 1040. What is the greatest common factor of 16 and i?
8
Let k(l) = -2*l**3 - 37*l**2 - 5*l + 17. Let h be k(-19). Calculate the highest common factor of h and 11.
11
Suppose 13*q - 56*q - 349*q = -11760. Calculate the highest common divisor of 462 and q.
6
Suppose 37 = -2*j - 5*d + 103, -5*d = 5*j - 165. Let y be (44/(-8))/(4/(-8)). Calculate the highest common divisor of y and j.
11
Suppose -38*d + 14 = -36*d, f - 5*d + 2 = 0. Calculate the greatest common divisor of 473 and f.
11
Let r(n) = 869*n - 1595. Let u be r(13). What is the highest common divisor of 196 and u?
98
Suppose 3*r - x = 461, -803*r - 3*x + 645 = -799*r. What is the highest common divisor of 84 and r?
12
Suppose -77*f + 254*f = 8850. What is the greatest common factor of f and 490?
10
Suppose -10*i + 323 = -587. Suppose 12*y - 811 = -i. What is the greatest common factor of y and 12?
12
Let j = 683 + -435. Let y = -169 - -200. Calculate the highest common factor of j and y.
31
Suppose -6*n + 5*o - 262 = -2*n, -5*n = -5*o + 325. Let q = 64 + n. Let a be (q - (-2 + 4))*3/(-1). What is the greatest common divisor of 36 and a?
3
Let c be ((-6)/33)/(104/(-19448)). What is the highest common divisor of 47549 and c?
17
Let u be 10/260 + (-178872)/(-208). What is the highest common divisor of 50 and u?
10
Let z(g) = 83*g**2 - 2*g + 3. Let w be z(1). Let n = w - 69. Suppose 0*m + 2*t + 40 = 5*m, -3*t = n. Calculate the greatest common factor of 6 and m.
6
Suppose -5*f - 5*g + 11760 = 0, 4*f = -9*g + 14*g + 9444. Calculate the greatest common factor of f and 722.
38
Suppose 5*h + 280 = 13*h. Let z be 156/20 + 